 137
Suppose 0 = c + 2*y - 15, -4*c = 3*y + 2*y - 69. Suppose 0 = -2*h, 3*l - h - 3*h - c = 0. List the prime factors of l.
7
Let w be -3 - ((-502)/6 - (-16)/24). Suppose 10*s = 14*s - w. List the prime factors of s.
2, 5
Let z be (-272)/3 + (-6)/(-9). Let a = -53 - z. List the prime factors of a.
37
Suppose 4*w - 3*z = 2*z + 4, 1 = w - 2*z. Suppose 2*j = 3*j - w. List the prime factors of (10 - 0)*1/j.
2, 5
Let z(y) = -y**3 + 8*y**2 - 4*y - 11. Let s be z(5). Let b = s - 10. What are the prime factors of b?
2, 17
Suppose -12300 = -3062*l + 3056*l. What are the prime factors of l?
2, 5, 41
Suppose -2*x - 254 + 1032 = -4*h, 0 = -3*h - 5*x - 577. List the prime factors of (h - -20)*(-1)/3.
2, 29
Let i(b) = -b**2 + b. Let v(y) = y**2 + 5*y - 1. Let j(x) = 2*i(x) + v(x). Let o(f) = f**2 + 2*f - 3. Let p be o(-4). List the prime factors of j(p).
3
Let x(w) = -w + 6. Let a be x(11). Let d(o) = -o**2 - 5*o - 1. Let y be d(a). List the prime factors of (1 + 0)*-3*y.
3
Suppose -74472 = -16*d - 13*d. What are the prime factors of d?
2, 3, 107
Suppose 20 = 5*p + 50. Let w(z) = -z**3 + 8 + 5*z + 5*z + 0*z - 2*z**2 - 2*z**2. What are the prime factors of w(p)?
2, 5
Let j(k) = 19*k - 2. Let u be j(6). Suppose h = -3*h + u. Suppose -5*t = -h - 62. List the prime factors of t.
2, 3
Let s = 6323 - 1723. List the prime factors of s.
2, 5, 23
Suppose 8 = 2*y - 0*y. Suppose -3*b - 4*o = -114, -149 = -y*b + o + 22. Suppose 3*z - 72 = b. List the prime factors of z.
2, 19
Let j(o) = -2*o - 29. Let b be j(-17). Suppose 3*f + 0*u - 316 = -b*u, 3*u + 431 = 4*f. What are the prime factors of f?
107
Suppose d + 1907 = 5*c - c, -4*d = -c + 488. What are the prime factors of c?
2, 7, 17
Suppose 0*b - 5*b = 2*r - 682, -2*b = r - 272. Suppose -4*n - 5*f = -b, f + 34 = 4*n - 116. What are the prime factors of n?
37
Let l(v) = v**2 + 2*v. Let d be l(-3). Let i(j) = 34 + 5*j - 54 - d*j. What are the prime factors of i(14)?
2
Suppose -61 = -3*q - 4*r, -2*r + 101 = 3*q - 6*r. Suppose 4*v - 5 = q. Suppose -v = -2*g + 2. List the prime factors of g.
5
Let b = -155 - -317. Suppose 198 = 8*h - b. List the prime factors of h.
3, 5
Let u(v) = v**2 - 7*v - 3. Let g(p) = -p**3 + 6*p**2 - 2*p - 1. Let i be g(2). List the prime factors of u(i).
41
Let x be (-1 + 6/(-3))/1. List the prime factors of -146*((-21)/6 - x).
73
Let l be 4/(-12)*11 + 2/(-6). What are the prime factors of (-2)/(-7) + (1548/21 - l)?
2, 3, 13
Let m = 1541 - 901. What are the prime factors of m?
2, 5
Let p be ((-8)/1)/((1 - 3) + 0). What are the prime factors of (p/4)/(-1) - -66?
5, 13
Let h(y) = 26*y**2 - 3*y - 4. Let g(d) = 25*d**2 - 2*d - 3. Let c(s) = 3*g(s) - 2*h(s). Let v = -243 + 244. List the prime factors of c(v).
2, 11
Suppose g + 3*s = -4*g + 482, -5*s - 102 = -g. Suppose -16 = 3*j - g. What are the prime factors of j?
3
Suppose -2*n - 17 = 2*a - a, 4 = -4*n + 4*a. Let o(g) be the second derivative of -2*g**3/3 + 13*g**2/2 - 9*g. List the prime factors of o(n).
37
Let j = -14 + 16. Suppose 6*n - j*n = 0. Suppose n = -0*k + 4*k - 112. What are the prime factors of k?
2, 7
Let k(s) = -5*s - 9*s - 7 - 7 + s**3 + 13*s**2. Let c be k(-14). Let j = c + 58. List the prime factors of j.
2, 11
Let n(y) = 6*y + 11 - 3 + 2 + 24. List the prime factors of n(15).
2, 31
Let y(f) = f**3 + 4*f**2 + 5*f - 4. What are the prime factors of y(5)?
2, 3, 41
Suppose -z - 5*q = -8, 2*z + 3*q = 4*q + 16. Let c be -3 - (-3 - (-9)/(-3)). Suppose z = g + c. What are the prime factors of g?
5
What are the prime factors of 45/((4/2)/(1 + 1))?
3, 5
Let f = -4762 - -6740. What are the prime factors of f?
2, 23, 43
Suppose 5*m - 2*m = 54. Suppose -12*a = -14*a - m. What are the prime factors of 9/(a/2) + 68?
2, 3, 11
Let v(q) = 10 + 11 + 10*q + 5*q - q**2. List the prime factors of v(15).
3, 7
Let v = 107 + -102. Suppose v*n - 3*f = -f + 501, -4*n - 2*f + 408 = 0. What are the prime factors of n?
101
Suppose -3*r - 39 = -3*h, h - 22 = 6*r - 2*r. What are the prime factors of h?
2, 5
Let v be (-5)/(-15)*3 + 1. List the prime factors of (v/8 - (-77)/(-22))*-12.
3, 13
What are the prime factors of ((-14 - -14) + 266)*(-30)/(-4)?
3, 5, 7, 19
Let k(w) = -w**3 - w**2 - 2*w - 2. Let i(p) = p**2 + 5*p + 2. Let f be (-8 - 2)*(-4)/(-10). Let c be i(f). What are the prime factors of k(c)?
2, 3
Let z be 3*(3 - 4)*16/(-6). List the prime factors of 477/(-6)*3*z/(-18).
2, 53
Suppose -3*v + 3*d = 6, 3*v + d - 12 = -2. Suppose -5*f = -3*r + 42, -v*r - 3*r + 70 = 5*f. What are the prime factors of r?
2, 7
Suppose -57*s = -56*s - 572. List the prime factors of s.
2, 11, 13
Suppose 2*u = 4*s + 4, -2*s - 33 - 9 = -5*u. Suppose g - 10 = -5*a, 3*g - 7*a - u = -2*a. List the prime factors of g.
5
Let d(q) = 13*q**3 - 7*q**2 + q. Let y be d(4). Let l = y + -489. What are the prime factors of l?
5, 47
Suppose 5*o - 96 = -o. Suppose 2*k - 14 = 2*n + 8, 0 = 3*k + 4*n - 26. Let v = o + k. List the prime factors of v.
2, 13
Let m = -108 + 107. What are the prime factors of (608/24)/(m/((-18)/4))?
2, 3, 19
Suppose 5*x - 5*o + 12 - 57 = 0, -4*o - 24 = -x. List the prime factors of x - (-155 - 4) - -4.
167
List the prime factors of -7*5/(-70)*296.
2, 37
Suppose -6 = -v - 5. Suppose -v = m, -8*i - m + 1059 = -3*i. What are the prime factors of i?
2, 53
Let j(v) be the third derivative of 7*v**4/8 - 5*v**3/3 + 3*v**2. What are the prime factors of j(6)?
2, 29
Suppose -42276 = -39*n - 0*n. What are the prime factors of n?
2, 271
Suppose 0 = -2*p - 0*p. Suppose 5*q - 5 = -p*q. Suppose -5*f + 3 = -4*c - q, 4*f - 16 = 0. What are the prime factors of c?
2
Suppose 5*r - 18237 = -w, 41*w = -r + 37*w + 3636. List the prime factors of r.
2, 3, 19
Let b be (9/2)/9 - (-1)/(-2). Suppose y - 305 = -0*g - 4*g, b = g - 4*y - 72. List the prime factors of g.
2, 19
Let d = 2071 - 1137. List the prime factors of d.
2, 467
Let h(z) = 541*z + 46. List the prime factors of h(2).
2, 3, 47
List the prime factors of (1*-1)/((-61)/25132).
2, 103
Let n be 48/12*(1 + 0). Let k be ((-15)/n)/(3/(-8)). Suppose k = t - 3. What are the prime factors of t?
13
Suppose -15*p + 10*p - 20 = 0. Let l(x) = -13*x - 18. List the prime factors of l(p).
2, 17
Let a be 14/(-6)*(-4 - -1). Suppose -4*c + 10 + 6 = 0. Suppose -c*i = -a*i + 75. What are the prime factors of i?
5
Suppose -2*k + 5*q + 1599 = -668, -k = -q - 1141. What are the prime factors of k?
2, 3, 191
Let u(w) = w**3 - 15*w**2 + 29*w - 99. List the prime factors of u(22).
3, 7, 11, 17
Let l = 82 + -42. Suppose -4*t = -c - l - 1, -2*t + 23 = -3*c. Let k = 1 + t. List the prime factors of k.
11
Let w(s) = s + 1. Let u be w(3). Suppose -u*p + 96 = -0*p. What are the prime factors of p?
2, 3
Suppose 4*u - 328 = -2*c, 3*u = -5*c + 4*c + 244. Let i = u + -11. What are the prime factors of i?
3, 23
Let p(b) = -511 - 15*b + 516 - 21*b. What are the prime factors of p(-3)?
113
Suppose 44*x - 3465 = 41*x. List the prime factors of x.
3, 5, 7, 11
Let x be ((-120)/32)/(6/16). Let l be (-42)/10 - 2/x. Let q(h) = h**3 + 4*h**2 - 5*h + 3. List the prime factors of q(l).
23
Let m(c) = -38*c + 2. Suppose 37 = 3*b + 49. List the prime factors of m(b).
2, 7, 11
Let w(m) = -m - 1. Suppose -5*x = 18 - 3. Let s be (x - -4 - 9) + 1. List the prime factors of w(s).
2, 3
Suppose 4*a + 5*t - 11 = 0, t = 5*a - 9 - 12. Suppose -h + 2*h = 4*x, -8 = -h - a*x. Suppose -4*b + k = -54, b - h*k - 2 - 4 = 0. List the prime factors of b.
2, 7
Let m(w) = 2*w**2 - 49*w + 324. List the prime factors of m(52).
2, 199
Let l(f) = f**2 - 7*f + 12. Suppose 4*r - 58 = -6. Let g = r - 5. What are the prime factors of l(g)?
2, 5
Let d be (-36)/63 - (-18)/7. Let q be d + 0/(-3) + 2. Suppose 3*m - q*k - 19 = 0, -5 = -3*m + k + 11. List the prime factors of m.
5
Suppose 45*r + 124394 = 86*r. What are the prime factors of r?
2, 37, 41
Let l(t) = -251*t - 34. What are the prime factors of l(-3)?
719
Suppose 0 = 2*m + 2*m + 88. Let i be 53/3 - m/(-33). Suppose 2*l + o = i, -l + o + 9 = -7. What are the prime factors of l?
11
Let p be 1/(2/(-132)*2). Let v = 21 + p. Let t = v - -22. List the prime factors of t.
2, 5
Suppose 2*p - 46 = p. Let h = -21 + p. List the prime factors of h.
5
Let t be 8*(45/12 - 5). What are the prime factors of 708/20 + (4/t - 0)?
5, 7
List the prime factors of -1 + -165*